 21 a factor of 3119781?
True
Does 31 divide 3472?
True
Does 90 divide 2422710?
True
Is 196595 a multiple of 137?
True
Is 643 a factor of 358151?
True
Does 10 divide 9507730?
True
Is 91 a factor of 50442?
False
Does 634 divide 1206502?
True
Does 548 divide 298112?
True
Is 66 a factor of 4406457?
False
Does 251 divide 11301284?
False
Does 91 divide 38038?
True
Is 303 a factor of 13396236?
True
Is 471607 a multiple of 6?
False
Is 92755 a multiple of 7?
False
Is 123 a factor of 33210?
True
Does 154 divide 967582?
True
Is 10 a factor of 1230844?
False
Is 67658 a multiple of 2?
True
Does 10 divide 984515?
False
Does 32 divide 591296?
True
Does 12 divide 235556?
False
Is 12623611 a multiple of 76?
False
Does 371 divide 7871575?
False
Is 247 a factor of 107692?
True
Is 578949 a multiple of 19?
True
Is 56 a factor of 401178?
False
Is 7 a factor of 4550?
True
Is 17 a factor of 3294141?
True
Does 39 divide 812957?
False
Is 399264 a multiple of 24?
True
Is 5759136 a multiple of 96?
True
Is 69172 a multiple of 15?
False
Does 14 divide 1491854?
True
Is 104 a factor of 130992?
False
Is 79 a factor of 238106?
True
Is 2707965 a multiple of 135?
True
Does 167 divide 177494?
False
Is 4261026 a multiple of 26?
False
Is 22 a factor of 61908?
True
Does 607 divide 1536924?
True
Does 11 divide 615985?
False
Does 235 divide 96915?
False
Is 1342250 a multiple of 70?
True
Is 64 a factor of 8723968?
True
Is 1218420 a multiple of 15?
True
Is 13 a factor of 1572363?
True
Does 41 divide 8569?
True
Is 3582240 a multiple of 24?
True
Is 1052256 a multiple of 42?
False
Is 34 a factor of 128486?
True
Is 1346985 a multiple of 5?
True
Does 55 divide 76817?
False
Is 15 a factor of 2010?
True
Is 214443 even?
False
Is 17876295 a multiple of 41?
False
Does 92 divide 64216?
True
Does 20 divide 3397059?
False
Is 986 a factor of 11445375?
False
Is 509990 even?
True
Is 54 a factor of 156114?
True
Does 1118 divide 839315?
False
Does 17 divide 444856?
True
Does 27 divide 740340?
True
Is 2800744 a multiple of 2?
True
Is 12903 even?
False
Is 5976002 a multiple of 78?
False
Is 78 a factor of 2106780?
True
Is 11389455 a multiple of 1903?
True
Does 339 divide 2732628?
False
Does 64 divide 23048?
False
Is 11 a factor of 1261310?
False
Does 117 divide 44062?
False
Does 154 divide 5565560?
True
Does 38 divide 1998273?
False
Is 316145 a multiple of 15?
False
Is 166 a factor of 4321478?
True
Is 306 a factor of 190026?
True
Is 1339544 a multiple of 1224?
False
Does 185 divide 3302805?
True
Is 2255120 a multiple of 140?
True
Is 251105 a multiple of 7?
False
Is 23 a factor of 21355718?
False
Does 68 divide 4372128?
True
Is 258304 a multiple of 125?
False
Is 11 a factor of 405768?
True
Is 12399 a multiple of 2?
False
Is 45675 a multiple of 35?
True
Is 39765 a multiple of 25?
False
Is 59256 a multiple of 278?
False
Does 35 divide 3721620?
True
Is 261 a factor of 38106?
True
Is 623795 a multiple of 5?
True
Is 17 a factor of 59908?
True
Is 5 a factor of 269985?
True
Is 283 a factor of 140085?
True
Does 5 divide 205320?
True
Is 7745730 a multiple of 1054?
False
Does 21 divide 1634934?
True
Does 10 divide 351239?
False
Is 246268 a multiple of 4?
True
Does 18 divide 75654?
True
Does 64 divide 50091?
False
Is 11893116 a multiple of 123?
True
Does 4 divide 929300?
True
Is 111 a factor of 434121?
True
Does 18 divide 632736?
True
Is 3 a factor of 332709?
True
Does 16 divide 1008557?
False
Does 344 divide 2431392?
True
Is 27 a factor of 156257?
False
Is 27 a factor of 5622243?
False
Is 357421 a multiple of 15?
False
Is 277 a factor of 730671?
False
Is 6648187 a multiple of 13?
True
Does 893 divide 4528403?
True
Is 4 a factor of 37422?
False
Is 15577 a multiple of 58?
False
Does 294 divide 32046?
True
Does 5 divide 19800?
True
Is 340 a factor of 176800?
True
Does 18 divide 1034613?
False
Is 67 a factor of 2766832?
True
Does 59 divide 814790?
True
Is 43 a factor of 1616628?
True
Does 15 divide 3265515?
True
Is 55200 a multiple of 96?
True
Is 8 a factor of 1807754?
False
Does 199 divide 217597?
False
Is 220 a factor of 233640?
True
Is 15 a factor of 642321?
False
Is 29 a factor of 19769671?
False
Is 103109 a multiple of 66?
False
Does 485 divide 15054255?
False
Is 31259 a multiple of 167?
False
Is 78070 a multiple of 222?
False
Is 14 a factor of 8841?
False
Is 9 a factor of 4423092?
False
Does 83 divide 7386668?
True
Is 28 a factor of 1231412?
True
Is 9 a factor of 5308?
False
Is 2 a factor of 204123?
False
Is 25 a factor of 77447?
False
Is 6 a factor of 362142?
True
Does 3 divide 143033?
False
Is 37696 a multiple of 20?
False
Is 29 a factor of 32045?
True
Does 74 divide 8421348?
True
Does 8 divide 76716?
False
Does 187 divide 5358111?
True
Is 143535 a multiple of 82?
False
Is 357194 a multiple of 317?
False
Is 976 a factor of 4084560?
True
Is 19025 a multiple of 5?
True
Is 3412 a multiple of 38?
False
Is 60187 a multiple of 7?
False
Is 13128 a multiple of 21?
False
Does 32 divide 15114688?
True
Is 16 a factor of 981481?
False
Does 37 divide 81434?
False
Does 125 divide 27250?
True
Does 5 divide 73259?
False
Is 31 a factor of 5953343?
False
Is 574 a factor of 122335?
False
Is 1771608 a multiple of 4?
True
Is 6023260 a multiple of 914?
True
Is 35 a factor of 818965?
True
Is 111320 a multiple of 28?
False
Does 5 divide 83075?
True
Does 17 divide 4517?
False
Is 119 a factor of 1946602?
True
Is 766672 a multiple of 84?
False
Is 120 a factor of 56987?
False
Is 71 a factor of 2333557?
True
Is 3015298 a multiple of 811?
True
Is 1015770 a multiple of 42?
True
Is 244440 a multiple of 60?
True
Does 24 divide 2729160?
True
Is 2302289 a multiple of 103?
False
Is 122 a factor of 127965?
False
Is 680225 a multiple of 805?
True
Is 2439302 a multiple of 48?
False
Is 5801692 a multiple of 52?
True
Is 355 a factor of 543860?
True
Is 4029481 a multiple of 13?
False
Does 16 divide 89705?
False
Is 34 a factor of 91514?
False
Is 42 a factor of 406574?
False
Is 255 a factor of 598485?
True
Is 198744 a multiple of 168?
True
Does 53 divide 102327?
False
Does 3 divide 280654?
False
Is 60 a factor of 6476568?
False
Is 5 a factor of 14274?
False
Is 28458279 a multiple of 35?
False
Is 18 a factor of 1154605?
False
Is 110851 a multiple of 3?
False
Is 670746 a multiple of 31?
False
Does 9 divide 4625699?
False
Is 174 a factor of 37316?
False
Is 420693 a multiple of 299?
True
Is 11 a factor of 136693?
False
Is 125 a factor of 60596?
False
Is 99738 a multiple of 36?
False
Does 11 divide 327811?
True
Does 80 divide 2289040?
True
Does 17 divide 250261?
False
Is 639785 a multiple of 15?
False
Does 193 divide 54426?
True
Is 54 a factor of 2774288?
False
Is 7160 a multiple of 20?
True
Is 44 a factor of 1048432?
True
Does 16 divide 706992?
True
Is 771 a factor of 7862898?
False
Is 172395 a multiple of 27?
True
Is 131 a factor of 426479?
False
Does 13 divide 115648?
True
Is 6 a factor of 1722852?
True
Is 28278 a multiple of 2?
True
Is 18 a factor of 247612?
False
Is 666025 a multiple of 13?
False
Is 429091 a multiple of 19?
False
Is 989 a factor of 17271961?
False
Is 8589695 a multiple of 8?
False
Does 110 divide 413442?
False
Does 34 divide 232755?
False
Is 12 a factor of 2629656?
True
Is 295 a factor of 194405?
True
Is 31039374 a multiple of 23?
True
Is 407808 a multiple of 432?
True
Is 2682880 a multiple of 640?
True
Is 335 a factor of 2420694?
False
Is 1341980 a multiple of 85?
True
Does 5 divide 1465?
True
Is 9 a factor of 134073?
True
Does 31 divide 6871398?
True
Is 593929 a multiple of 17?
True
Is 39213 a multiple of 8?
False
Is 3214980 a multiple of 530?
True
Is 2155954 a multiple of 34?
False
Is 220626 a multiple of 51?
True
Is 620 a factor of 442680?
True
Is 78585 a multiple of 15?
True
Is 99 a factor of 1984990?
False
Does 144 divide 190572?
False
Is 10 a factor of 233820?
True
Is 538 a factor of 2098200?
True
Is 6498915 a multiple of 717?
False
Is 672 a factor of 17501?
False
Is 2688112 a multiple of 56?
True
Is 280950 a multiple of 50?
True
Is 203 a factor of 139052?
False
Does 6 divide 225697?
False
Does 49 divide 1343894?
False
Is 173066 a multiple of 198?
False
Is 17 a factor of 405273?
False
Is 8806800 a multiple of 200?
True
Is 84 a factor of 1416808?
False
Does 746 divide 136518?
True
Is 1962907 a multiple of 57?
False
Does 45 divid